{"id":175,"date":"2019-04-01T21:58:21","date_gmt":"2019-04-01T21:58:21","guid":{"rendered":"http:\/\/mundoquinagem.pt\/?page_id=175"},"modified":"2025-02-23T00:28:02","modified_gmt":"2025-02-23T00:28:02","slug":"sobre-nos","status":"publish","type":"page","link":"https:\/\/mundoquinagem.pt\/?page_id=175","title":{"rendered":"Sobre N\u00f3s"},"content":{"rendered":"<p class=\"has-medium-font-size\">A <strong>MundoQuinagem<\/strong> apresenta-se no mercado como uma empresa jovem, qualificada, din\u00e2mica e equipada com as mais avan\u00e7adas tecnologias da metalomec\u00e2nica.<\/p>\n<p class=\"has-medium-font-size\">Desta forma, assegura aos seus clientes um conjunto de produtos e servi\u00e7os que v\u00e3o de encontro \u00e0s suas necessidades e expectativas.<\/p>\n","protected":false},"excerpt":{"rendered":"<p>A MundoQuinagem apresenta-se no mercado como uma empresa jovem, qualificada, din\u00e2mica e equipada com as mais avan\u00e7adas tecnologias da metalomec\u00e2nica. Desta forma, assegura aos seus clientes um conjunto de produtos e servi\u00e7os que v\u00e3o de encontro \u00e0s suas necessidades e expectativas.<\/p>\n","protected":false},"author":1,"featured_media":0,"parent":0,"menu_order":0,"comment_status":"closed","ping_status":"closed","template":"","meta":{"footnotes":""},"class_list":["post-175","page","type-page","status-publish","hentry"],"_links":{"self":[{"href":"https:\/\/mundoquinagem.pt\/index.php?rest_route=\/wp\/v2\/pages\/175","targetHints":{"allow":["GET"]}}],"collection":[{"href":"https:\/\/mundoquinagem.pt\/index.php?rest_route=\/wp\/v2\/pages"}],"about":[{"href":"https:\/\/mundoquinagem.pt\/index.php?rest_route=\/wp\/v2\/types\/page"}],"author":[{"embeddable":true,"href":"https:\/\/mundoquinagem.pt\/index.php?rest_route=\/wp\/v2\/users\/1"}],"replies":[{"embeddable":true,"href":"https:\/\/mundoquinagem.pt\/index.php?rest_route=%2Fwp%2Fv2%2Fcomments&post=175"}],"version-history":[{"count":1,"href":"https:\/\/mundoquinagem.pt\/index.php?rest_route=\/wp\/v2\/pages\/175\/revisions"}],"predecessor-version":[{"id":2686,"href":"https:\/\/mundoquinagem.pt\/index.php?rest_route=\/wp\/v2\/pages\/175\/revisions\/2686"}],"wp:attachment":[{"href":"https:\/\/mundoquinagem.pt\/index.php?rest_route=%2Fwp%2Fv2%2Fmedia&parent=175"}],"curies":[{"name":"wp","href":"https:\/\/api.w.org\/{rel}","templated":true}]}}